+ 56 = -0*c. Let j(h) = h**2 + 24*h + 15. Let d be j(c). Calculate v(d).
-5
Suppose -13 = -4*l - 3*a, -5*a + 1 = -3*l - 11. Let o be (-3*4 + 1)*l. Let t(r) = r**2 + 12*r + 12. Give t(o).
1
Let q(b) be the second derivative of -9*b**2 - 1/2*b**3 + 0 - 41*b. Give q(-8).
6
Let v(f) = f**2 - 10*f + 2. Suppose -3*r - 4*y = -10, -r - 13*y + 10*y = 0. Determine v(r).
-22
Let j = -19 + 26. Let n(z) = 10*z**2 - 20*z + 1. Let o(r) = -3*r**2 + 7*r. Let x(m) = 2*n(m) + 7*o(m). Determine x(j).
16
Let n(r) = 3*r**2 + 20 + 2*r + 13*r - 4*r**2. Suppose 57 = -3*h + 5*h + 5*a, 0 = 2*a - 10. Calculate n(h).
4
Let c(x) be the third derivative of 7*x**6/120 - x**5/60 + x**4/24 + 10*x**2 + 34*x. Calculate c(1).
7
Let a = -139 + -297. Let h = a + 440. Let r(m) = 3*m + 3. Determine r(h).
15
Let c(o) = o**3 - 6*o**2 + 7*o + 2. Let r be 6/8*((-30)/(-9) - -6). Let k be 4 + (2 - -5)/r. Give c(k).
12
Let r = -96 - -100. Let x(t) be the third derivative of 0*t + 0 - 5/6*t**3 + 40*t**2 - 1/12*t**4. Calculate x(r).
-13
Let l(a) = -8*a**2. Let q(i) = -3*i**2. Suppose 9*v = 108 - 9. Let b(n) = v*q(n) - 4*l(n). Give b(-2).
-4
Let f(r) be the first derivative of r**6/120 + r**5/60 - r**4/12 + 2*r**3 - 142. Let t(p) be the third derivative of f(p). Give t(-2).
6
Suppose 0 = 9*k - 391 + 1489. Let y = -117 - k. Let u(s) = s + 1. Calculate u(y).
6
Let i(f) = -21*f**2 + 33*f + 139. Let v(s) = -4*s**2 + 2*s - 2. Let l(n) = i(n) - 5*v(n). Determine l(28).
9
Let r = -45 - -45. Let q(z) be the second derivative of z**6/720 + 3*z**5/40 - 17*z**4/12 + 22*z. Let n(g) be the third derivative of q(g). Calculate n(r).
9
Suppose -5*l - 3 = 7. Let m(s) = 3 + 2 - 8 + 5*s - 7. Let h(y) = -4*y + 8. Let o(i) = -6*h(i) - 5*m(i). Give o(l).
4
Let k(a) be the first derivative of -a**2/2 + 12*a + 2. Let h = -39346 + 39354. Calculate k(h).
4
Suppose 4*q - 24 + 0 = 0. Let l be -2*81/30 - (-6)/15. Let y(h) = -2*h**2 + h + 1. Let i(s) = -11*s**2 + 11*s + 9. Let x(m) = l*y(m) + i(m). Calculate x(q).
4
Let g(h) = 5*h - 9. Let i be (-91)/3 + (-6 - (-38)/6). Let y be -6*-1*(-35)/i. Determine g(y).
26
Suppose -4*c + 2*l = -50, 31 = -0*c + 2*c - 3*l. Let o(q) = q + 3*q - q**2 - c + 2*q**2 + 1. Give o(-5).
-5
Let i(m) = -2*m**2 + 2*m**3 + m**3 + 5 - 4*m**3 - m + 7 + 22. What is i(0)?
34
Suppose -2*i = a + 14, 166*a + 17 = -5*i + 168*a. Let v(q) = 4*q**3 + 4*q + 11 - 8 - 3*q**3 + 6*q**2. Determine v(i).
8
Let d(c) = -2*c**3 - 20*c**2 + 21*c - 8. Suppose 4*p + 5*h - 9*h = -32, 0 = 4*p - 3*h + 35. Determine d(p).
3
Suppose 52 = 39*n - 26*n. Let z(c) = c - 3. Give z(n).
1
Suppose -w - 21 = 16. Let o = -37 - w. Suppose -5*j - 5*c + 20 = o, -4*j + 6*j - 17 = -5*c. Let t(g) = g**2 + 1. Calculate t(j).
2
Let t(h) = 2*h - 4. Let l(i) = -i**2 + i - 20. Let r(q) = l(q) - 6*t(q). Let z = 8 - 17. Calculate r(z).
22
Let m(p) = -22*p + 154. Let d be m(7). Let y(q) be the third derivative of 14*q**2 + 0*q**3 + 5/24*q**4 + 0 - 1/60*q**5 + d*q. Give y(4).
4
Let n = -141 + 94. Let y = 39 + n. Let c(l) = 3*l - 18. Let v(s) = -s + 2. Let i(r) = -c(r) - 4*v(r). Calculate i(y).
2
Let r = 12 + -9. Let m be (-3)/8 - (-42)/112. Let w(n) = -n**2 + m*n**2 - 1 + 0 + 38*n - 35*n. Calculate w(r).
-1
Let d(i) = 31*i - 98. Suppose w = -4*l - 17 + 24, 4*w = 4*l - 32. Determine d(l).
-5
Let h(u) = u**2 + 14*u**3 - 7*u**2 - 11*u**2 - 18*u**3 + 5*u**3 + 15 - 19*u. Determine h(18).
-3
Suppose p - 3*r = -13, -3*p - 3*r - 46 + 31 = 0. Let s(g) be the first derivative of -1/3*g**3 - 3*g**2 + 11 + 3*g. Calculate s(p).
-4
Suppose 0 = -2*f - 2*f - 12. Suppose -4*p - 2575 = -5*k - 2*p, 5*p + 1009 = 2*k. Let u(s) = s**2 - k*s + 256*s - 2 + 262*s. Give u(f).
4
Let f(t) = t**3 + 8*t**2 + 8*t - 4. Let u be 14/(-2) + 0 + 0. Let v be 3300/(-84) - (1 - (-9)/u). Let d = -46 - v. What is f(d)?
-11
Let r(a) = a**3 - 5*a**2 + 6*a - 10. Let o(z) = -19*z + 137. Let u be o(7). Determine r(u).
-2
Suppose 2*s - 7 = q, q + 17 = 5*q + s. Let t(g) = g**2 + 1. Let b(f) = 6*f**2 - f - 3. Let n(o) = -b(o) + 4*t(o). Give n(q).
-8
Let g(p) = 2*p + 1. Let x(b) = -13*b + 3. Let s(j) = -10*j + 3. Let r(y) = 4*s(y) - 3*x(y). Let w(k) = -g(k) - r(k). What is w(6)?
-10
Suppose 131 = 37*k - 313. Let s(f) = f**3 - 11*f**2 - 6*f - 29. Give s(k).
43
Let n be (3 + 0)/(4 + -3). Let r(i) be the second derivative of -i**3/6 + i**2 - 108336*i. What is r(n)?
-1
Let f(d) be the third derivative of -35*d**4/12 - d**3/2 - 2948*d**2. Determine f(-1).
67
Suppose 0*b + 16 = -8*b. Let i(d) be the second derivative of 7/6*d**3 + 0 + 0*d**2 + 6*d. Give i(b).
-14
Let g = 2736 - 2726. Let x be (-68)/7 - 4/14. Let r be (-24)/x*g/3. Let b(c) = -c**3 + 9*c**2 - 8*c. Calculate b(r).
0
Let g be (3/2)/((-45)/(-510)). Let q(c) = -10*c + 4*c**3 + 3*c - 5*c**3 + 11 - g - 7*c**2. Determine q(-6).
0
Let g(q) = -q**2 + 13*q - 6. Suppose -4*i - 18 = -5*h + 4*h, -2*h + 5*i = -30. Determine g(h).
24
Suppose -4*p = -32 - 0. Let m(a) = -a**2 + 4*a + 34. Let u be m(p). Let j(w) = -w**2 - 3*w + w**2 + 1 - w**u - 4. Give j(-2).
-1
Let g(k) be the second derivative of k**5/20 - k**4/3 - 3*k**3 + 16*k**2 + 464*k. Give g(6).
-4
Let h(w) = 2. Suppose 4*n = c + 3, 5*c + 0 = 5*n + 15. Let u(v) = -v**2 + 4. Let p(x) = n*h(x) - u(x). Determine p(1).
1
Suppose -7*g - 24 = -17 + 49. Let a(z) = -z - 5. Calculate a(g).
3
Let d(j) = -18*j + 13. Let r(x) = -55*x + 45. Let z(g) = 7*d(g) - 2*r(g). What is z(3)?
-47
Let f(w) = w**3 - 2*w**2 + 1. Let o be 25/(-4) + 7 + 3/(-4). Let p be (o - 0)/(-9 - -7). Suppose p = l + 4*l + 5. Determine f(l).
-2
Let z(x) = 5*x**3 - 4*x**2 + 6. Suppose -5*u = -201 + 186. Let m(j) = -7*j**3 + 4*j**2 - 6. Let w(o) = u*m(o) + 4*z(o). Give w(-5).
31
Let y(f) = 2*f**3 - 32*f**2 + 31*f - 18. Let n = 14374 - 14359. What is y(n)?
-3
Let h(d) = -335*d - 3 - 13 + 8 + 672*d - 346*d. Determine h(-3).
19
Let a(y) = y**3 + 9*y**2 + 15*y - 25. Suppose 14*p - 414 + 498 = 0. Give a(p).
-7
Let m(s) = -s**2 + 3*s + 1. Suppose 5*n + 3*t + 53 = 0, -5*n + t = 39 + 10. Let c be n/4*(-24)/30. Suppose 5*r - u = -c + 27, -r - 4 = -2*u. Calculate m(r).
-17
Let b(j) = -j**3 - 3*j**2 - 4*j - 4. Suppose s - 25 = -3*p - s, 4*p - 2*s - 10 = 0. Suppose p*n + 9 = -3*r, 6*n - 5*n = 5*r + 15. Determine b(r).
8
Suppose a - m = 5, -m + 0 - 2 = 2*a. Let c(l) = l**3 - l**2 - l - 1. Let n(f) = -3*f**3 + f**2 + f + 2. Let h(g) = a*n(g) + 4*c(g). Calculate h(-2).
-16
Let o(i) = -345*i + 1 + 169*i + 169*i + i**2. Suppose -5*n - 2*x + 41 = 0, -3*x + 12 = x. Calculate o(n).
1
Let o(q) = 25919 - 25909 - 4*q - 2*q + 8*q**2 - q**3. Determine o(5).
55
Suppose -7*i - 3090 = -3055. Let m(z) be the first derivative of -z**2 - 4*z + 3. Determine m(i).
6
Let o be (0 + 1)*(5 + -2). Let l(g) be the third derivative of g**5/30 - g**3/2 + 106*g**2. Calculate l(o).
15
Suppose -h - 20 = -5*t - 2*h, -t - 3*h + 18 = 0. Let v(j) be the third derivative of -j**6/120 + j**5/12 + j**4/24 - 2*j**3/3 - 26*j**2 - 14. Give v(t).
17
Let m(s) = -s**3 + 3*s**2 + 8*s - 3. Suppose -5*o - 1 + 41 = 5*b, 3*o = 3*b. Suppose 37 = b*z + 9. Suppose z*g = 4*g + 15. What is m(g)?
-13
Let v(z) = 2 + 13*z + 37 - 32*z**2 + 30*z**2 + 15*z - 64. Determine v(13).
1
Let m be -8*1/(-2) - (0 - -1). Let k(u) = 11 + 13 + u + 0*u + m + u**2. Calculate k(0).
27
Let i = -2626 - -2640. Let c(k) be the first derivative of k + 0*k**2 - 1/3*k**3 - i. What is c(0)?
1
Let m(y) = y**3 + 7*y**2 - 9*y + 10. Suppose -147*x = -149*x + 48. Suppose 0 = -5*l + 2*l - x. Determine m(l).
18
Let u(t) = 233668 - t**2 + 3*t - 233666 + 8*t. Give u(11).
2
Let c(j) = -7*j + 1. Suppose -2*h - 2*h + 12 = 0. Let p = -2856 - -2856. Suppose g - 5*g = p, -h*g = 2*v - 2. What is c(v)?
-6
Let o(y) = -3*y**2 + 2*y - 4. Suppose -2*f - 7*f = -54. Suppose -f*r - 42 = -20*r. Give o(r).
-25
Suppose -r = 5*r - 12. Let z be -62*(-2)/28 - (-6)/(-14). Let b(v) = -4*v**r + 13*v - z*v + v - 3 + 3*v**2. What is b(8)?
13
Let s(q) = 60*q - 10. Let i(j) = -113*j + 18. Let t(v) = 3*i(v) + 5*s(v). Determine t(-1).
43
Suppose 3*n - 56 = -2. Let p(f) = -14*f + 54*f - 10*f + 3 - n*f - 14*f. Give p(7).
-11
Let x(z) = z**3 - 6*z**2 + 2. Let k be x(6). Suppose k*b = -b + 5*f + 10, b + 2 = -f. Let a(g) = 1 + 20*g - 7*g - 11*g + b. Determine a(-6).
-11
Suppose -458*z + 451*z = -70. Let y be (-3)/(-2 - 1/(-2)). Let i(w) = 13*w - 9*w**y - 4*w - 10 + z*w**2. Cal